{"id":422,"date":"2023-04-25T16:13:30","date_gmt":"2023-04-25T19:13:30","guid":{"rendered":"https:\/\/kawagoeinstitute.com.br\/site\/?page_id=422"},"modified":"2023-04-25T16:57:41","modified_gmt":"2023-04-25T19:57:41","slug":"contato","status":"publish","type":"page","link":"https:\/\/kawagoeinstitute.com.br\/site\/contato\/","title":{"rendered":"Contato"},"content":{"rendered":"\t\t<div data-elementor-type=\"wp-page\" data-elementor-id=\"422\" class=\"elementor elementor-422\" data-elementor-post-type=\"page\">\n\t\t\t\t\t\t<section class=\"elementor-section elementor-top-section elementor-element elementor-element-35728871 elementor-section-boxed elementor-section-height-default elementor-section-height-default\" data-id=\"35728871\" data-element_type=\"section\" data-e-type=\"section\" data-settings=\"{&quot;background_background&quot;:&quot;classic&quot;}\">\n\t\t\t\t\t\t\t<div class=\"elementor-background-overlay\"><\/div>\n\t\t\t\t\t\t\t<div class=\"elementor-container elementor-column-gap-default\">\n\t\t\t\t\t<div class=\"elementor-column elementor-col-100 elementor-top-column elementor-element elementor-element-5fc3e670\" data-id=\"5fc3e670\" data-element_type=\"column\" data-e-type=\"column\">\n\t\t\t<div class=\"elementor-widget-wrap elementor-element-populated\">\n\t\t\t\t\t\t<div class=\"elementor-element elementor-element-3ea8e28e elementor-widget elementor-widget-heading\" data-id=\"3ea8e28e\" data-element_type=\"widget\" data-e-type=\"widget\" data-widget_type=\"heading.default\">\n\t\t\t\t<div class=\"elementor-widget-container\">\n\t\t\t\t\t<h1 class=\"elementor-heading-title elementor-size-default\">CONTATO<\/h1>\t\t\t\t<\/div>\n\t\t\t\t<\/div>\n\t\t\t\t\t<\/div>\n\t\t<\/div>\n\t\t\t\t\t<\/div>\n\t\t<\/section>\n\t\t\t\t<section class=\"elementor-section elementor-top-section elementor-element elementor-element-46364fd elementor-section-boxed elementor-section-height-default elementor-section-height-default\" data-id=\"46364fd\" data-element_type=\"section\" data-e-type=\"section\">\n\t\t\t\t\t\t<div class=\"elementor-container elementor-column-gap-default\">\n\t\t\t\t\t<div class=\"elementor-column elementor-col-50 elementor-top-column elementor-element elementor-element-e15713f\" data-id=\"e15713f\" data-element_type=\"column\" data-e-type=\"column\" data-settings=\"{&quot;background_background&quot;:&quot;classic&quot;}\">\n\t\t\t<div class=\"elementor-widget-wrap elementor-element-populated\">\n\t\t\t\t\t\t<div class=\"elementor-element elementor-element-8bdb571 elementor-view-default elementor-position-block-start elementor-mobile-position-block-start elementor-widget elementor-widget-icon-box\" data-id=\"8bdb571\" data-element_type=\"widget\" data-e-type=\"widget\" data-widget_type=\"icon-box.default\">\n\t\t\t\t<div class=\"elementor-widget-container\">\n\t\t\t\t\t\t\t<div class=\"elementor-icon-box-wrapper\">\n\n\t\t\t\t\t\t<div class=\"elementor-icon-box-icon\">\n\t\t\t\t<a href=\"tel:1138851133\" class=\"elementor-icon\" tabindex=\"-1\" aria-label=\"(11) 3885-1133\">\n\t\t\t\t<i aria-hidden=\"true\" class=\"fas fa-phone-alt\"><\/i>\t\t\t\t<\/a>\n\t\t\t<\/div>\n\t\t\t\n\t\t\t\t\t\t<div class=\"elementor-icon-box-content\">\n\n\t\t\t\t\t\t\t\t\t<h3 class=\"elementor-icon-box-title\">\n\t\t\t\t\t\t<a href=\"tel:1138851133\" >\n\t\t\t\t\t\t\t(11) 3885-1133\t\t\t\t\t\t<\/a>\n\t\t\t\t\t<\/h3>\n\t\t\t\t\n\t\t\t\t\n\t\t\t<\/div>\n\t\t\t\n\t\t<\/div>\n\t\t\t\t\t\t<\/div>\n\t\t\t\t<\/div>\n\t\t\t\t\t<\/div>\n\t\t<\/div>\n\t\t\t\t<div class=\"elementor-column elementor-col-50 elementor-top-column elementor-element elementor-element-57a7a1c\" data-id=\"57a7a1c\" data-element_type=\"column\" data-e-type=\"column\" data-settings=\"{&quot;background_background&quot;:&quot;classic&quot;}\">\n\t\t\t<div class=\"elementor-widget-wrap elementor-element-populated\">\n\t\t\t\t\t\t<div class=\"elementor-element elementor-element-36de325 elementor-view-default elementor-position-block-start elementor-mobile-position-block-start elementor-widget elementor-widget-icon-box\" data-id=\"36de325\" data-element_type=\"widget\" data-e-type=\"widget\" data-widget_type=\"icon-box.default\">\n\t\t\t\t<div class=\"elementor-widget-container\">\n\t\t\t\t\t\t\t<div class=\"elementor-icon-box-wrapper\">\n\n\t\t\t\t\t\t<div class=\"elementor-icon-box-icon\">\n\t\t\t\t<a href=\"https:\/\/api.whatsapp.com\/send?phone=5511988700536&#038;text=Gostaria%20de%20falar%20com%20o%20Kawagoe%20Institute\" target=\"_blank\" class=\"elementor-icon\" tabindex=\"-1\" aria-label=\"(11) 98870-0536\">\n\t\t\t\t<i aria-hidden=\"true\" class=\"icon icon-whatsapp-1\"><\/i>\t\t\t\t<\/a>\n\t\t\t<\/div>\n\t\t\t\n\t\t\t\t\t\t<div class=\"elementor-icon-box-content\">\n\n\t\t\t\t\t\t\t\t\t<h3 class=\"elementor-icon-box-title\">\n\t\t\t\t\t\t<a href=\"https:\/\/api.whatsapp.com\/send?phone=5511988700536&#038;text=Gostaria%20de%20falar%20com%20o%20Kawagoe%20Institute\" target=\"_blank\" >\n\t\t\t\t\t\t\t(11) 98870-0536\t\t\t\t\t\t<\/a>\n\t\t\t\t\t<\/h3>\n\t\t\t\t\n\t\t\t\t\n\t\t\t<\/div>\n\t\t\t\n\t\t<\/div>\n\t\t\t\t\t\t<\/div>\n\t\t\t\t<\/div>\n\t\t\t\t\t<\/div>\n\t\t<\/div>\n\t\t\t\t\t<\/div>\n\t\t<\/section>\n\t\t\t\t<section class=\"elementor-section elementor-top-section elementor-element elementor-element-707a4a1 elementor-section-boxed elementor-section-height-default elementor-section-height-default\" data-id=\"707a4a1\" data-element_type=\"section\" data-e-type=\"section\">\n\t\t\t\t\t\t<div class=\"elementor-container elementor-column-gap-default\">\n\t\t\t\t\t<div class=\"elementor-column elementor-col-100 elementor-top-column elementor-element elementor-element-25523cd\" data-id=\"25523cd\" data-element_type=\"column\" data-e-type=\"column\">\n\t\t\t<div class=\"elementor-widget-wrap elementor-element-populated\">\n\t\t\t\t\t\t<div class=\"elementor-element elementor-element-b6534b0 elementor-widget elementor-widget-heading\" data-id=\"b6534b0\" data-element_type=\"widget\" data-e-type=\"widget\" data-widget_type=\"heading.default\">\n\t\t\t\t<div class=\"elementor-widget-container\">\n\t\t\t\t\t<h2 class=\"elementor-heading-title elementor-size-default\">Como chegar<\/h2>\t\t\t\t<\/div>\n\t\t\t\t<\/div>\n\t\t\t\t<div class=\"elementor-element elementor-element-0a91bf3 elementor-widget elementor-widget-text-editor\" data-id=\"0a91bf3\" data-element_type=\"widget\" data-e-type=\"widget\" data-widget_type=\"text-editor.default\">\n\t\t\t\t<div class=\"elementor-widget-container\">\n\t\t\t\t\t\t\t\t\t<p>Alameda dos Anapurus, 1658 &#8211;&nbsp;Moema \u2022 S\u00e3o Paulo &#8211; SP<\/p>\t\t\t\t\t\t\t\t<\/div>\n\t\t\t\t<\/div>\n\t\t\t\t<div class=\"elementor-element elementor-element-48fe012 elementor-widget elementor-widget-google_maps\" data-id=\"48fe012\" data-element_type=\"widget\" data-e-type=\"widget\" data-widget_type=\"google_maps.default\">\n\t\t\t\t<div class=\"elementor-widget-container\">\n\t\t\t\t\t\t\t<div class=\"elementor-custom-embed\">\n\t\t\t<iframe loading=\"lazy\"\n\t\t\t\t\tsrc=\"https:\/\/maps.google.com\/maps?q=Alameda%20dos%20Anapurus%2C%201658%2C%20S%C3%A3o%20Paulo%2C%20SP&#038;t=m&#038;z=15&#038;output=embed&#038;iwloc=near\"\n\t\t\t\t\ttitle=\"Alameda dos Anapurus, 1658, S\u00e3o Paulo, SP\"\n\t\t\t\t\taria-label=\"Alameda dos Anapurus, 1658, S\u00e3o Paulo, SP\"\n\t\t\t><\/iframe>\n\t\t<\/div>\n\t\t\t\t\t\t<\/div>\n\t\t\t\t<\/div>\n\t\t\t\t\t<\/div>\n\t\t<\/div>\n\t\t\t\t\t<\/div>\n\t\t<\/section>\n\t\t\t\t<\/div>\n\t\t","protected":false},"excerpt":{"rendered":"<p>CONTATO (11) 3885-1133 (11) 98870-0536 Como chegar Alameda dos Anapurus, 1658 &#8211;&nbsp;Moema \u2022 S\u00e3o Paulo &#8211; SP<\/p>\n","protected":false},"author":1,"featured_media":0,"parent":0,"menu_order":0,"comment_status":"closed","ping_status":"closed","template":"","meta":{"footnotes":""},"class_list":["post-422","page","type-page","status-publish","hentry"],"yoast_head":"<!-- This site is optimized with the Yoast SEO plugin v27.5 - https:\/\/yoast.com\/product\/yoast-seo-wordpress\/ -->\n<title>Contato - Kawagoe Institute<\/title>\n<meta name=\"robots\" content=\"index, follow, max-snippet:-1, max-image-preview:large, max-video-preview:-1\" \/>\n<link rel=\"canonical\" href=\"https:\/\/kawagoeinstitute.com.br\/site\/contato\/\" \/>\n<meta property=\"og:locale\" content=\"pt_BR\" \/>\n<meta property=\"og:type\" content=\"article\" \/>\n<meta property=\"og:title\" content=\"Contato - Kawagoe Institute\" \/>\n<meta property=\"og:description\" content=\"CONTATO (11) 3885-1133 (11) 98870-0536 Como chegar Alameda dos Anapurus, 1658 &#8211;&nbsp;Moema \u2022 S\u00e3o Paulo &#8211; SP\" \/>\n<meta property=\"og:url\" content=\"https:\/\/kawagoeinstitute.com.br\/site\/contato\/\" \/>\n<meta property=\"og:site_name\" content=\"Kawagoe Institute\" \/>\n<meta property=\"article:modified_time\" content=\"2023-04-25T19:57:41+00:00\" \/>\n<meta name=\"twitter:card\" content=\"summary_large_image\" \/>\n<meta name=\"twitter:label1\" content=\"Est. tempo de leitura\" \/>\n\t<meta name=\"twitter:data1\" content=\"1 minuto\" \/>\n<script type=\"application\/ld+json\" class=\"yoast-schema-graph\">{\"@context\":\"https:\\\/\\\/schema.org\",\"@graph\":[{\"@type\":\"WebPage\",\"@id\":\"https:\\\/\\\/kawagoeinstitute.com.br\\\/site\\\/contato\\\/\",\"url\":\"https:\\\/\\\/kawagoeinstitute.com.br\\\/site\\\/contato\\\/\",\"name\":\"Contato - Kawagoe Institute\",\"isPartOf\":{\"@id\":\"https:\\\/\\\/kawagoeinstitute.com.br\\\/site\\\/#website\"},\"datePublished\":\"2023-04-25T19:13:30+00:00\",\"dateModified\":\"2023-04-25T19:57:41+00:00\",\"breadcrumb\":{\"@id\":\"https:\\\/\\\/kawagoeinstitute.com.br\\\/site\\\/contato\\\/#breadcrumb\"},\"inLanguage\":\"pt-BR\",\"potentialAction\":[{\"@type\":\"ReadAction\",\"target\":[\"https:\\\/\\\/kawagoeinstitute.com.br\\\/site\\\/contato\\\/\"]}]},{\"@type\":\"BreadcrumbList\",\"@id\":\"https:\\\/\\\/kawagoeinstitute.com.br\\\/site\\\/contato\\\/#breadcrumb\",\"itemListElement\":[{\"@type\":\"ListItem\",\"position\":1,\"name\":\"In\u00edcio\",\"item\":\"https:\\\/\\\/kawagoeinstitute.com.br\\\/site\\\/\"},{\"@type\":\"ListItem\",\"position\":2,\"name\":\"Contato\"}]},{\"@type\":\"WebSite\",\"@id\":\"https:\\\/\\\/kawagoeinstitute.com.br\\\/site\\\/#website\",\"url\":\"https:\\\/\\\/kawagoeinstitute.com.br\\\/site\\\/\",\"name\":\"Kawagoe Institute\",\"description\":\"Educa\u00e7\u00e3o e Excel\u00eancia em Odontologia\",\"publisher\":{\"@id\":\"https:\\\/\\\/kawagoeinstitute.com.br\\\/site\\\/#organization\"},\"potentialAction\":[{\"@type\":\"SearchAction\",\"target\":{\"@type\":\"EntryPoint\",\"urlTemplate\":\"https:\\\/\\\/kawagoeinstitute.com.br\\\/site\\\/?s={search_term_string}\"},\"query-input\":{\"@type\":\"PropertyValueSpecification\",\"valueRequired\":true,\"valueName\":\"search_term_string\"}}],\"inLanguage\":\"pt-BR\"},{\"@type\":\"Organization\",\"@id\":\"https:\\\/\\\/kawagoeinstitute.com.br\\\/site\\\/#organization\",\"name\":\"Kawagoe Institute\",\"url\":\"https:\\\/\\\/kawagoeinstitute.com.br\\\/site\\\/\",\"logo\":{\"@type\":\"ImageObject\",\"inLanguage\":\"pt-BR\",\"@id\":\"https:\\\/\\\/kawagoeinstitute.com.br\\\/site\\\/#\\\/schema\\\/logo\\\/image\\\/\",\"url\":\"https:\\\/\\\/kawagoeinstitute.com.br\\\/site\\\/wp-content\\\/uploads\\\/2023\\\/02\\\/LOGO-KAWAGOE.png\",\"contentUrl\":\"https:\\\/\\\/kawagoeinstitute.com.br\\\/site\\\/wp-content\\\/uploads\\\/2023\\\/02\\\/LOGO-KAWAGOE.png\",\"width\":408,\"height\":271,\"caption\":\"Kawagoe Institute\"},\"image\":{\"@id\":\"https:\\\/\\\/kawagoeinstitute.com.br\\\/site\\\/#\\\/schema\\\/logo\\\/image\\\/\"}}]}<\/script>\n<!-- \/ Yoast SEO plugin. -->","yoast_head_json":{"title":"Contato - Kawagoe Institute","robots":{"index":"index","follow":"follow","max-snippet":"max-snippet:-1","max-image-preview":"max-image-preview:large","max-video-preview":"max-video-preview:-1"},"canonical":"https:\/\/kawagoeinstitute.com.br\/site\/contato\/","og_locale":"pt_BR","og_type":"article","og_title":"Contato - Kawagoe Institute","og_description":"CONTATO (11) 3885-1133 (11) 98870-0536 Como chegar Alameda dos Anapurus, 1658 &#8211;&nbsp;Moema \u2022 S\u00e3o Paulo &#8211; SP","og_url":"https:\/\/kawagoeinstitute.com.br\/site\/contato\/","og_site_name":"Kawagoe Institute","article_modified_time":"2023-04-25T19:57:41+00:00","twitter_card":"summary_large_image","twitter_misc":{"Est. tempo de leitura":"1 minuto"},"schema":{"@context":"https:\/\/schema.org","@graph":[{"@type":"WebPage","@id":"https:\/\/kawagoeinstitute.com.br\/site\/contato\/","url":"https:\/\/kawagoeinstitute.com.br\/site\/contato\/","name":"Contato - Kawagoe Institute","isPartOf":{"@id":"https:\/\/kawagoeinstitute.com.br\/site\/#website"},"datePublished":"2023-04-25T19:13:30+00:00","dateModified":"2023-04-25T19:57:41+00:00","breadcrumb":{"@id":"https:\/\/kawagoeinstitute.com.br\/site\/contato\/#breadcrumb"},"inLanguage":"pt-BR","potentialAction":[{"@type":"ReadAction","target":["https:\/\/kawagoeinstitute.com.br\/site\/contato\/"]}]},{"@type":"BreadcrumbList","@id":"https:\/\/kawagoeinstitute.com.br\/site\/contato\/#breadcrumb","itemListElement":[{"@type":"ListItem","position":1,"name":"In\u00edcio","item":"https:\/\/kawagoeinstitute.com.br\/site\/"},{"@type":"ListItem","position":2,"name":"Contato"}]},{"@type":"WebSite","@id":"https:\/\/kawagoeinstitute.com.br\/site\/#website","url":"https:\/\/kawagoeinstitute.com.br\/site\/","name":"Kawagoe Institute","description":"Educa\u00e7\u00e3o e Excel\u00eancia em Odontologia","publisher":{"@id":"https:\/\/kawagoeinstitute.com.br\/site\/#organization"},"potentialAction":[{"@type":"SearchAction","target":{"@type":"EntryPoint","urlTemplate":"https:\/\/kawagoeinstitute.com.br\/site\/?s={search_term_string}"},"query-input":{"@type":"PropertyValueSpecification","valueRequired":true,"valueName":"search_term_string"}}],"inLanguage":"pt-BR"},{"@type":"Organization","@id":"https:\/\/kawagoeinstitute.com.br\/site\/#organization","name":"Kawagoe Institute","url":"https:\/\/kawagoeinstitute.com.br\/site\/","logo":{"@type":"ImageObject","inLanguage":"pt-BR","@id":"https:\/\/kawagoeinstitute.com.br\/site\/#\/schema\/logo\/image\/","url":"https:\/\/kawagoeinstitute.com.br\/site\/wp-content\/uploads\/2023\/02\/LOGO-KAWAGOE.png","contentUrl":"https:\/\/kawagoeinstitute.com.br\/site\/wp-content\/uploads\/2023\/02\/LOGO-KAWAGOE.png","width":408,"height":271,"caption":"Kawagoe Institute"},"image":{"@id":"https:\/\/kawagoeinstitute.com.br\/site\/#\/schema\/logo\/image\/"}}]}},"_links":{"self":[{"href":"https:\/\/kawagoeinstitute.com.br\/site\/wp-json\/wp\/v2\/pages\/422","targetHints":{"allow":["GET"]}}],"collection":[{"href":"https:\/\/kawagoeinstitute.com.br\/site\/wp-json\/wp\/v2\/pages"}],"about":[{"href":"https:\/\/kawagoeinstitute.com.br\/site\/wp-json\/wp\/v2\/types\/page"}],"author":[{"embeddable":true,"href":"https:\/\/kawagoeinstitute.com.br\/site\/wp-json\/wp\/v2\/users\/1"}],"replies":[{"embeddable":true,"href":"https:\/\/kawagoeinstitute.com.br\/site\/wp-json\/wp\/v2\/comments?post=422"}],"version-history":[{"count":16,"href":"https:\/\/kawagoeinstitute.com.br\/site\/wp-json\/wp\/v2\/pages\/422\/revisions"}],"predecessor-version":[{"id":459,"href":"https:\/\/kawagoeinstitute.com.br\/site\/wp-json\/wp\/v2\/pages\/422\/revisions\/459"}],"wp:attachment":[{"href":"https:\/\/kawagoeinstitute.com.br\/site\/wp-json\/wp\/v2\/media?parent=422"}],"curies":[{"name":"wp","href":"https:\/\/api.w.org\/{rel}","templated":true}]}}